{"id":308,"date":"2020-01-13T11:17:52","date_gmt":"2020-01-13T11:17:52","guid":{"rendered":"https:\/\/demosites.io\/web-agency-gb\/?page_id=5"},"modified":"2022-09-21T11:44:24","modified_gmt":"2022-09-21T11:44:24","slug":"15c42-web-agency-gb-home","status":"publish","type":"page","link":"http:\/\/trendglobal.com.tr\/","title":{"rendered":"Home"},"content":{"rendered":"\r\n<div class=\"wp-block-columns\">\r\n<div class=\"wp-block-column is-layout-flow wp-block-column-is-layout-flow\">\r\n<div class=\"wp-block-image icon-style is-style-rounded\">\r\n<figure class=\"aligncenter size-large\"><img loading=\"lazy\" decoding=\"async\" width=\"72\" height=\"72\" class=\"wp-image-20\" title=\"\" src=\"http:\/\/trendglobal.com.tr\/wp-content\/uploads\/2020\/01\/neve-webdesign-GB-03.png\" alt=\"\" \/><\/figure>\r\n<\/div>\r\n\r\n\r\n\r\n<h3 class=\"has-text-align-center has-neve-text-color-color has-text-color wp-block-heading\">Kolay Para G\u00f6nderin<\/h3>\r\n\r\n\r\n\r\n<p class=\"has-text-align-center\">Ankara K\u0131z\u0131lay<\/p>\r\n\r\n\r\n\r\n<div class=\"wp-block-spacer\" style=\"height: 20px;\" aria-hidden=\"true\">\u00a0<\/div>\r\n<\/div>\r\n\r\n\r\n\r\n<div class=\"wp-block-column is-layout-flow wp-block-column-is-layout-flow\">\r\n<div class=\"wp-block-image icon-style is-style-rounded\">\r\n<figure class=\"aligncenter size-large\"><img loading=\"lazy\" decoding=\"async\" width=\"72\" height=\"72\" class=\"wp-image-21\" src=\"http:\/\/trendglobal.com.tr\/wp-content\/uploads\/2020\/01\/neve-webdesign-GB-04.png\" alt=\"\" \/><\/figure>\r\n<\/div>\r\n\r\n\r\n\r\n<h3 class=\"has-text-align-center has-neve-text-color-color has-text-color wp-block-heading\">Kolay Para Al\u0131n<\/h3>\r\n\r\n\r\n\r\n<p class=\"has-text-align-center\">Ankara K\u0131z\u0131lay<\/p>\r\n\r\n\r\n\r\n<div class=\"wp-block-spacer\" style=\"height: 20px;\" aria-hidden=\"true\">\u00a0<\/div>\r\n<\/div>\r\n\r\n\r\n\r\n<div class=\"wp-block-column is-layout-flow wp-block-column-is-layout-flow\">\r\n<div class=\"wp-block-image icon-style is-style-rounded\">\r\n<figure class=\"aligncenter size-large\"><img loading=\"lazy\" decoding=\"async\" width=\"72\" height=\"72\" class=\"wp-image-18\" src=\"http:\/\/trendglobal.com.tr\/wp-content\/uploads\/2020\/01\/neve-webdesign-GB-01.png\" alt=\"\" \/><\/figure>\r\n<\/div>\r\n\r\n\r\n\r\n<h3 class=\"has-text-align-center has-neve-text-color-color has-text-color wp-block-heading\">Yurti\u00e7i &#8211; Yurtd\u0131\u015f\u0131 Para Transferi<\/h3>\r\n\r\n\r\n\r\n<p class=\"has-text-align-center\">Ankara K\u0131z\u0131lay<\/p>\r\n\r\n\r\n<\/div>\r\n<\/div>\r\n<div class=\"wp-block-cover alignfull has-nv-light-bg-background-color has-background-dim\" style=\"min-height: 600px;\">\r\n<div class=\"wp-block-cover__inner-container\">\r\n<div class=\"wp-block-group\">\r\n<div class=\"wp-block-columns are-vertically-aligned-center\">\r\n<div class=\"wp-block-column is-vertically-aligned-center\" style=\"flex-basis: 50%;\">\r\n<figure class=\"wp-block-image size-large\"><img loading=\"lazy\" decoding=\"async\" class=\"alignnone wp-image-7 size-medium\" src=\"http:\/\/trendglobal.com.tr\/wp-content\/uploads\/2022\/09\/paytr-ankara-kizilay-300x169.png\" alt=\"\" width=\"300\" height=\"169\" srcset=\"http:\/\/trendglobal.com.tr\/wp-content\/uploads\/2022\/09\/paytr-ankara-kizilay-300x169.png 300w, http:\/\/trendglobal.com.tr\/wp-content\/uploads\/2022\/09\/paytr-ankara-kizilay-1024x576.png 1024w, http:\/\/trendglobal.com.tr\/wp-content\/uploads\/2022\/09\/paytr-ankara-kizilay-768x432.png 768w, http:\/\/trendglobal.com.tr\/wp-content\/uploads\/2022\/09\/paytr-ankara-kizilay.png 1280w\" sizes=\"auto, (max-width: 300px) 100vw, 300px\" \/><img loading=\"lazy\" decoding=\"async\" class=\"alignnone wp-image-10 size-medium\" src=\"http:\/\/trendglobal.com.tr\/wp-content\/uploads\/2022\/09\/moneygram-300x200.jpg\" alt=\"\" width=\"300\" height=\"200\" srcset=\"http:\/\/trendglobal.com.tr\/wp-content\/uploads\/2022\/09\/moneygram-300x200.jpg 300w, http:\/\/trendglobal.com.tr\/wp-content\/uploads\/2022\/09\/moneygram-1024x683.jpg 1024w, http:\/\/trendglobal.com.tr\/wp-content\/uploads\/2022\/09\/moneygram-768x512.jpg 768w, http:\/\/trendglobal.com.tr\/wp-content\/uploads\/2022\/09\/moneygram.jpg 1200w\" sizes=\"auto, (max-width: 300px) 100vw, 300px\" \/><\/figure>\r\n<\/div>\r\n<\/div>\r\n<\/div>\r\n<\/div>\r\n<\/div>\r\n<!-- \/wp:columns --><!-- wp:post-content --><!-- wp:cover {\"url\":\"http:\/\/trendglobal.com.tr\/wp-content\/uploads\/2020\/07\/web-design-studio-01.jpg.jpg\",\"id\":109,\"dimRatio\":0,\"focalPoint\":{\"x\":\"0.50\",\"y\":\"0.64\"},\"minHeight\":700,\"align\":\"full\"} -->\r\n<div class=\"wp-block-cover alignfull\" style=\"min-height: 700px;\"><img loading=\"lazy\" decoding=\"async\" width=\"1366\" height=\"768\" class=\"wp-block-cover__image-background wp-image-109\" style=\"object-position: 50% 64%;\" src=\"http:\/\/trendglobal.com.tr\/wp-content\/uploads\/2020\/07\/web-design-studio-01.jpg.jpg\" alt=\"\" data-object-fit=\"cover\" data-object-position=\"50% 64%\" \/>\r\n<div class=\"wp-block-cover__inner-container\"><!-- wp:spacer {\"height\":80} -->\r\n<div class=\"wp-block-spacer\" style=\"height: 80px;\" aria-hidden=\"true\">\u00a0<\/div>\r\n<!-- \/wp:spacer -->\r\n\r\n<!-- wp:heading {\"textAlign\":\"center\",\"level\":1,\"style\":{\"color\":{\"text\":\"#121212\"}}} -->\r\n<h1 class=\"has-text-align-center has-text-color\" style=\"color: #121212;\">Ankara Para Transferi Merkezi &#8211; K\u0131z\u0131lay<\/h1>\r\n<!-- \/wp:heading -->\r\n\r\n<!-- wp:paragraph {\"align\":\"center\",\"style\":{\"typography\":{\"fontSize\":17},\"color\":{\"text\":\"#121212\"}}} -->\r\n<p class=\"has-text-align-center has-text-color\" style=\"color: #121212; font-size: 17px;\">PayTr &#8211; Money Gram<\/p>\r\n<!-- \/wp:paragraph -->\r\n\r\n<!-- wp:spacer {\"height\":80} \/-->\r\n\r\n<!-- wp:spacer {\"height\":80} \/--><\/div>\r\n<\/div>\r\n<!-- \/wp:cover -->\r\n\r\n<!-- wp:spacer {\"height\":80} -->\r\n<div class=\"wp-block-spacer\" style=\"height: 80px;\" aria-hidden=\"true\">\u00a0<\/div>\r\n<!-- \/wp:spacer -->\r\n\r\n<!-- wp:columns -->\r\n<div class=\"wp-block-columns\"><!-- wp:column -->\r\n<div class=\"wp-block-column\"><!-- wp:image {\"align\":\"center\",\"id\":20,\"sizeSlug\":\"large\",\"linkDestination\":\"none\",\"className\":\"icon-style is-style-rounded\"} -->\r\n<div class=\"wp-block-image icon-style is-style-rounded\">\r\n<figure class=\"aligncenter size-large\"><img loading=\"lazy\" decoding=\"async\" width=\"72\" height=\"72\" class=\"wp-image-20\" title=\"\" src=\"http:\/\/trendglobal.com.tr\/wp-content\/uploads\/2020\/01\/neve-webdesign-GB-03.png\" alt=\"\" \/><\/figure>\r\n<\/div>\r\n<!-- \/wp:image -->\r\n\r\n<!-- wp:heading {\"level\":3,\"textColor\":\"neve-text-color\",\"className\":\"has-text-align-center\"} -->\r\n<h3 class=\"has-text-align-center has-neve-text-color-color has-text-color\">Kolay Para G\u00f6nderin<\/h3>\r\n<!-- \/wp:heading -->\r\n\r\n<!-- wp:paragraph {\"align\":\"center\"} -->\r\n<p class=\"has-text-align-center\">Ankara K\u0131z\u0131lay<\/p>\r\n<!-- \/wp:paragraph -->\r\n\r\n<!-- wp:spacer {\"height\":20} -->\r\n<div class=\"wp-block-spacer\" style=\"height: 20px;\" aria-hidden=\"true\">\u00a0<\/div>\r\n<!-- \/wp:spacer --><\/div>\r\n<!-- \/wp:column -->\r\n\r\n<!-- wp:column -->\r\n<div class=\"wp-block-column\"><!-- wp:image {\"align\":\"center\",\"id\":21,\"sizeSlug\":\"large\",\"linkDestination\":\"none\",\"className\":\"icon-style is-style-rounded\"} -->\r\n<div class=\"wp-block-image icon-style is-style-rounded\">\r\n<figure class=\"aligncenter size-large\"><img loading=\"lazy\" decoding=\"async\" width=\"72\" height=\"72\" class=\"wp-image-21\" src=\"http:\/\/trendglobal.com.tr\/wp-content\/uploads\/2020\/01\/neve-webdesign-GB-04.png\" alt=\"\" \/><\/figure>\r\n<\/div>\r\n<!-- \/wp:image -->\r\n\r\n<!-- wp:heading {\"level\":3,\"textColor\":\"neve-text-color\",\"className\":\"has-text-align-center\"} -->\r\n<h3 class=\"has-text-align-center has-neve-text-color-color has-text-color\">Kolay Para Al\u0131n<\/h3>\r\n<!-- \/wp:heading -->\r\n\r\n<!-- wp:paragraph {\"align\":\"center\"} -->\r\n<p class=\"has-text-align-center\">Ankara K\u0131z\u0131lay<\/p>\r\n<!-- \/wp:paragraph -->\r\n\r\n<!-- wp:spacer {\"height\":20} -->\r\n<div class=\"wp-block-spacer\" style=\"height: 20px;\" aria-hidden=\"true\">\u00a0<\/div>\r\n<!-- \/wp:spacer --><\/div>\r\n<!-- \/wp:column -->\r\n\r\n<!-- wp:column -->\r\n<div class=\"wp-block-column\"><!-- wp:image {\"align\":\"center\",\"id\":18,\"sizeSlug\":\"large\",\"linkDestination\":\"none\",\"className\":\"icon-style is-style-rounded\"} -->\r\n<div class=\"wp-block-image icon-style is-style-rounded\">\r\n<figure class=\"aligncenter size-large\"><img loading=\"lazy\" decoding=\"async\" width=\"72\" height=\"72\" class=\"wp-image-18\" src=\"http:\/\/trendglobal.com.tr\/wp-content\/uploads\/2020\/01\/neve-webdesign-GB-01.png\" alt=\"\" \/><\/figure>\r\n<\/div>\r\n<!-- \/wp:image -->\r\n\r\n<!-- wp:heading {\"level\":3,\"textColor\":\"neve-text-color\",\"className\":\"has-text-align-center\"} -->\r\n<h3 class=\"has-text-align-center has-neve-text-color-color has-text-color\">Yurti\u00e7i &#8211; Yurtd\u0131\u015f\u0131 Para Transferi<\/h3>\r\n<!-- \/wp:heading -->\r\n\r\n<!-- wp:paragraph {\"align\":\"center\"} -->\r\n<p class=\"has-text-align-center\">Ankara K\u0131z\u0131lay<\/p>\r\n<!-- \/wp:paragraph -->\r\n\r\n<!-- wp:spacer {\"height\":20} --><\/div>\r\n<\/div>\r\n<div class=\"wp-block-cover alignfull has-nv-light-bg-background-color has-background-dim\" style=\"min-height: 600px;\">\r\n<div class=\"wp-block-cover__inner-container\">\r\n<div class=\"wp-block-group\">\r\n<div class=\"wp-block-columns are-vertically-aligned-center\">\r\n<div class=\"wp-block-column is-vertically-aligned-center\" style=\"flex-basis: 50%;\">\r\n<figure class=\"wp-block-image size-large\"><img loading=\"lazy\" decoding=\"async\" class=\"alignnone wp-image-7 size-medium\" src=\"http:\/\/trendglobal.com.tr\/wp-content\/uploads\/2022\/09\/paytr-ankara-kizilay-300x169.png\" alt=\"\" width=\"300\" height=\"169\" srcset=\"http:\/\/trendglobal.com.tr\/wp-content\/uploads\/2022\/09\/paytr-ankara-kizilay-300x169.png 300w, http:\/\/trendglobal.com.tr\/wp-content\/uploads\/2022\/09\/paytr-ankara-kizilay-1024x576.png 1024w, http:\/\/trendglobal.com.tr\/wp-content\/uploads\/2022\/09\/paytr-ankara-kizilay-768x432.png 768w, http:\/\/trendglobal.com.tr\/wp-content\/uploads\/2022\/09\/paytr-ankara-kizilay.png 1280w\" sizes=\"auto, (max-width: 300px) 100vw, 300px\" \/><img loading=\"lazy\" decoding=\"async\" class=\"alignnone wp-image-10 size-medium\" src=\"http:\/\/trendglobal.com.tr\/wp-content\/uploads\/2022\/09\/moneygram-300x200.jpg\" alt=\"\" width=\"300\" height=\"200\" srcset=\"http:\/\/trendglobal.com.tr\/wp-content\/uploads\/2022\/09\/moneygram-300x200.jpg 300w, http:\/\/trendglobal.com.tr\/wp-content\/uploads\/2022\/09\/moneygram-1024x683.jpg 1024w, http:\/\/trendglobal.com.tr\/wp-content\/uploads\/2022\/09\/moneygram-768x512.jpg 768w, http:\/\/trendglobal.com.tr\/wp-content\/uploads\/2022\/09\/moneygram.jpg 1200w\" sizes=\"auto, (max-width: 300px) 100vw, 300px\" \/><\/figure>\r\n<\/div>\r\n<\/div>\r\n<\/div>\r\n<\/div>\r\n<\/div>\r\n<!-- \/wp:cover --><!-- \/wp:post-content -->","protected":false},"excerpt":{"rendered":"<p>Yurti\u00e7i &#8211; Yurtd\u0131\u015f\u0131 Para Transferi Ankara K\u0131z\u0131lay Kolay Para G\u00f6nderin Ankara K\u0131z\u0131lay Kolay Para Al\u0131n Ankara K\u0131z\u0131lay<\/p>\n","protected":false},"author":1,"featured_media":0,"parent":0,"menu_order":0,"comment_status":"closed","ping_status":"closed","template":"","meta":{"_ti_tpc_template_sync":false,"_ti_tpc_template_id":"cwhkd9lki581rusuhjti","footnotes":""},"class_list":["post-308","page","type-page","status-publish","hentry"],"_links":{"self":[{"href":"http:\/\/trendglobal.com.tr\/index.php?rest_route=\/wp\/v2\/pages\/308","targetHints":{"allow":["GET"]}}],"collection":[{"href":"http:\/\/trendglobal.com.tr\/index.php?rest_route=\/wp\/v2\/pages"}],"about":[{"href":"http:\/\/trendglobal.com.tr\/index.php?rest_route=\/wp\/v2\/types\/page"}],"author":[{"embeddable":true,"href":"http:\/\/trendglobal.com.tr\/index.php?rest_route=\/wp\/v2\/users\/1"}],"replies":[{"embeddable":true,"href":"http:\/\/trendglobal.com.tr\/index.php?rest_route=%2Fwp%2Fv2%2Fcomments&post=308"}],"version-history":[{"count":9,"href":"http:\/\/trendglobal.com.tr\/index.php?rest_route=\/wp\/v2\/pages\/308\/revisions"}],"predecessor-version":[{"id":373,"href":"http:\/\/trendglobal.com.tr\/index.php?rest_route=\/wp\/v2\/pages\/308\/revisions\/373"}],"wp:attachment":[{"href":"http:\/\/trendglobal.com.tr\/index.php?rest_route=%2Fwp%2Fv2%2Fmedia&parent=308"}],"curies":[{"name":"wp","href":"https:\/\/api.w.org\/{rel}","templated":true}]}}